{"id":1479,"date":"2022-01-20T16:08:30","date_gmt":"2022-01-20T15:08:30","guid":{"rendered":"https:\/\/compasreseau.com\/?page_id=1479"},"modified":"2025-12-15T10:39:50","modified_gmt":"2025-12-15T09:39:50","slug":"avantages-2022","status":"publish","type":"page","link":"https:\/\/compasreseau.com\/index.php\/avantages-2022\/","title":{"rendered":"Avantages Compl\u00e9mentaires"},"content":{"rendered":"<ul>\n<li><span style=\"color: #99cc00;\"><strong>Liste des avantages 2026<\/strong><\/span>\n<ul>\n<li><a href=\"https:\/\/compasreseau.com\/wp-content\/uploads\/2025\/12\/Solidaris_ES_2026_LG.pdf\">319 Brochure<\/a><\/li>\n<li><a href=\"https:\/\/compasreseau.com\/wp-content\/uploads\/2025\/12\/Fiche-A4-Avantages-LIEGE-2026.pdf\">R\u00e9capitulatif des avantages<\/a><\/li>\n<\/ul>\n<\/li>\n<li><strong>Comparatif assurance compl\u00e9mentaire par rapport aux autres mutualit\u00e9s<\/strong> : En cours<\/li>\n<\/ul>\n<hr \/>\n<ul>\n<li><span style=\"color: #99cc00;\"><strong>Liste des avantages 2025<\/strong><\/span>\n<ul>\n<li><a href=\"https:\/\/compasreseau.com\/wp-content\/uploads\/2024\/12\/2025-Brochure-rouge.pdf\">319 Brochure rouge<\/a><\/li>\n<li><a href=\"https:\/\/compasreseau.com\/wp-content\/uploads\/2025\/01\/recapitulatif-avantages-2025.pdf\">R\u00e9capitulatif des avantages<\/a><\/li>\n<\/ul>\n<\/li>\n<li><strong>Comparatif assurance compl\u00e9mentaire par rapport aux autres mutualit\u00e9s<\/strong>\n<ul>\n<li><a href=\"https:\/\/compasreseau.com\/wp-content\/uploads\/2025\/02\/Comparatif_Global_AC_2025.xlsx\">Comparatif_Global_AC_2025<\/a><\/li>\n<\/ul>\n<\/li>\n<\/ul>\n<hr \/>\n<ul>\n<li><span style=\"color: #99cc00;\"><strong>Liste des avantages 2024<\/strong><\/span>\n<ul>\n<li><a href=\"https:\/\/compasreseau.com\/wp-content\/uploads\/2024\/01\/2024-Memo-avantage.pdf\">M\u00e9mo avantages 2024<\/a><\/li>\n<li><a href=\"https:\/\/compasreseau.com\/wp-content\/uploads\/2024\/01\/2024-Brochure-rouge.pdf\">319 Brochure rouge<\/a><\/li>\n<\/ul>\n<\/li>\n<li><strong>Comparatif assurance compl\u00e9mentaire par rapport aux autres mutualit\u00e9s<\/strong>\n<ul>\n<li><a href=\"https:\/\/compasreseau.com\/wp-content\/uploads\/2024\/10\/Comparatif_Global_AC_2024.xlsx\">Comparatif_Global_AC_2024<\/a><\/li>\n<\/ul>\n<\/li>\n<\/ul>\n<hr \/>\n<ul>\n<li><span style=\"color: #99cc00;\"><strong>Liste des avantages 2023<\/strong><\/span>\n<ul>\n<li><a href=\"https:\/\/compasreseau.com\/wp-content\/uploads\/2022\/11\/2023-Brochure-rouge-LG-BAT.pdf\">319 Brochure rouge<\/a><\/li>\n<\/ul>\n<\/li>\n<li><strong>Comparatif assurance compl\u00e9mentaire par rapport aux autres mutualit\u00e9s\u00a0<\/strong>\n<ul>\n<li><a href=\"https:\/\/compasreseau.com\/wp-content\/uploads\/2023\/02\/Comparatif-2023.xlsx\">Comparatif 2023<\/a><\/li>\n<\/ul>\n<\/li>\n<\/ul>\n<hr \/>\n<ul>\n<li><span style=\"color: #99cc00;\"><strong>Liste des avantages 2022<\/strong><\/span>\n<ul>\n<li><span style=\"color: #ff6600;\"><a style=\"color: #ff6600;\" href=\"https:\/\/compasreseau.com\/wp-content\/uploads\/2021\/11\/Fiche-A4-Avantages-2022-Liege.pdf\">M\u00e9mo avantages 2022<\/a><\/span><\/li>\n<li><a href=\"https:\/\/compasreseau.com\/wp-content\/uploads\/2021\/12\/319-Brochure-rouge.pdf\">319 Brochure rouge<\/a><\/li>\n<\/ul>\n<\/li>\n<li><strong>Comparatif assurance compl\u00e9mentaire par rapport aux autres mutualit\u00e9s\u00a0<\/strong>\n<ul>\n<li><a href=\"https:\/\/compasreseau.com\/wp-content\/uploads\/2022\/03\/Comparatif_Global_AC_2022-1.xlsx\">Comparatif 2022<\/a><\/li>\n<\/ul>\n<\/li>\n<\/ul>\n<ul>\n<li><strong><span style=\"color: #333333;\">Synth\u00e8ses des modifications 2022\u00a0 (\u00e0\u00a0 destination\u00a0 des\u00a0 professionnels)<\/span><\/strong>\n<ul>\n<li><a href=\"https:\/\/compasreseau.com\/wp-content\/uploads\/2021\/11\/Synthese-activ-jeunes-psychomot.pdf\">B\u00e9n\u00e9ficiaires de &#8211; 18 ans<\/a><\/li>\n<li><a href=\"https:\/\/compasreseau.com\/wp-content\/uploads\/2021\/11\/Synthese-CSA-FIV.pdf\">B\u00e9n\u00e9ficiaires de + 18 ans<\/a><\/li>\n<li><a href=\"https:\/\/compasreseau.com\/wp-content\/uploads\/2021\/11\/Synthese-diabete-semelle-prothese-dentaire-repit-transport-prothese-capilaire.pdf\">Pour tous<\/a><\/li>\n<\/ul>\n<\/li>\n<\/ul>\n","protected":false},"excerpt":{"rendered":"<p>Liste des avantages 2026 319 Brochure R\u00e9capitulatif des avantages Comparatif assurance compl\u00e9mentaire par rapport aux autres mutualit\u00e9s : En cours Liste des avantages 2025 319 Brochure rouge R\u00e9capitulatif des avantages Comparatif assurance compl\u00e9mentaire par rapport aux autres mutualit\u00e9s Comparatif_Global_AC_2025 Liste des avantages 2024 M\u00e9mo avantages 2024 319 Brochure rouge Comparatif assurance compl\u00e9mentaire par rapport aux [&hellip;]<\/p>\n","protected":false},"author":11,"featured_media":0,"parent":0,"menu_order":0,"comment_status":"closed","ping_status":"closed","template":"","meta":{"footnotes":""},"categories":[],"tags":[],"class_list":["post-1479","page","type-page","status-publish","hentry"],"jetpack_sharing_enabled":true,"_links":{"self":[{"href":"https:\/\/compasreseau.com\/index.php\/wp-json\/wp\/v2\/pages\/1479","targetHints":{"allow":["GET"]}}],"collection":[{"href":"https:\/\/compasreseau.com\/index.php\/wp-json\/wp\/v2\/pages"}],"about":[{"href":"https:\/\/compasreseau.com\/index.php\/wp-json\/wp\/v2\/types\/page"}],"author":[{"embeddable":true,"href":"https:\/\/compasreseau.com\/index.php\/wp-json\/wp\/v2\/users\/11"}],"replies":[{"embeddable":true,"href":"https:\/\/compasreseau.com\/index.php\/wp-json\/wp\/v2\/comments?post=1479"}],"version-history":[{"count":18,"href":"https:\/\/compasreseau.com\/index.php\/wp-json\/wp\/v2\/pages\/1479\/revisions"}],"predecessor-version":[{"id":2654,"href":"https:\/\/compasreseau.com\/index.php\/wp-json\/wp\/v2\/pages\/1479\/revisions\/2654"}],"wp:attachment":[{"href":"https:\/\/compasreseau.com\/index.php\/wp-json\/wp\/v2\/media?parent=1479"}],"wp:term":[{"taxonomy":"category","embeddable":true,"href":"https:\/\/compasreseau.com\/index.php\/wp-json\/wp\/v2\/categories?post=1479"},{"taxonomy":"post_tag","embeddable":true,"href":"https:\/\/compasreseau.com\/index.php\/wp-json\/wp\/v2\/tags?post=1479"}],"curies":[{"name":"wp","href":"https:\/\/api.w.org\/{rel}","templated":true}]}}