{"id":25,"date":"2020-11-30T12:22:47","date_gmt":"2020-11-30T11:22:47","guid":{"rendered":"http:\/\/compasreseau.com\/?page_id=25"},"modified":"2023-06-30T14:13:30","modified_gmt":"2023-06-30T12:13:30","slug":"actimed","status":"publish","type":"page","link":"https:\/\/compasreseau.com\/index.php\/actimed\/","title":{"rendered":"Actimed"},"content":{"rendered":"<p><a href=\"https:\/\/www.solidaris-liege.be\/actimed\/index.html\"><img fetchpriority=\"high\" decoding=\"async\" class=\"alignleft  wp-image-2017\" src=\"https:\/\/compasreseau.com\/wp-content\/uploads\/2023\/06\/Actimed.png\" alt=\"\" width=\"476\" height=\"149\" srcset=\"https:\/\/compasreseau.com\/wp-content\/uploads\/2023\/06\/Actimed.png 1309w, https:\/\/compasreseau.com\/wp-content\/uploads\/2023\/06\/Actimed-300x94.png 300w, https:\/\/compasreseau.com\/wp-content\/uploads\/2023\/06\/Actimed-1024x321.png 1024w, https:\/\/compasreseau.com\/wp-content\/uploads\/2023\/06\/Actimed-768x241.png 768w\" sizes=\"(max-width: 476px) 100vw, 476px\" \/><\/a><\/p>\n<p>&nbsp;<\/p>\n<p>&nbsp;<\/p>\n<p>&nbsp;<\/p>\n<p>&nbsp;<\/p>\n<p>&nbsp;<\/p>\n<p><a href=\"mailto:christelle.sauveur@actimed.be\"><span style=\"color: #eb1515;\">Contact privil\u00e9gi\u00e9 au sein d&rsquo;Actimed<\/span><\/a><\/p>\n<div class=\"omsc-accordion\"><br \/>\n<div class=\"omsc-toggle omsc-expanded\"><div class=\"omsc-toggle-title\"><strong>A la Une<\/strong><\/div><div class=\"omsc-toggle-inner\" style=\"display:block\"><\/p>\n<p><span style=\"color: #ff6600;\">Actimed \u00e0 votre service malgr\u00e9 la COVID-19<\/span><\/p>\n<hr \/>\n<p>Notre magasin est ouvert comme d\u2019habitude du lundi au samedi.<br \/>\nLe service de livraison fonctionne normalement.<br \/>\nNotre technicien peut intervenir soit \u00e0 domicile ou \u00e0 notre atelier.<br \/>\nLes essais de mat\u00e9riel sont \u00e9galement possibles \u00e0 domicile.<br \/>\nNous appliquons bien s\u00fbr toutes les mesures de s\u00e9curit\u00e9<\/p>\n<p><strong>Tina Heremans, bandagiste, a rejoint notre \u00e9quipe depuis janvier 2021<\/strong><\/p>\n<p style=\"font-family: Roboto, sans-serif; background-image: initial; background-position: initial; background-size: initial; background-repeat: initial; background-attachment: initial; background-origin: initial; background-clip: initial;\"><img decoding=\"async\" src=\"https:\/\/compasreseau.com\/wp-content\/uploads\/2021\/05\/Tina-BW-300x200.jpg\" alt=\"\" width=\"300\" height=\"200\" \/><\/p>\n<p>Besoin d\u2019une chaise roulante manuelle ou \u00e9lectrique, d\u2019un scooter ou d\u2019un cadre de marche? Tina se rend au domicile du patient afin d\u2019\u00e9valuer ses besoins et de trouver la solution optimale.<\/p>\n<p>Notre service mobilit\u00e9 s\u2019occupe \u00e9galement de toutes les d\u00e9marches administratives concernant le remboursement de la mutuelle.<\/p>\n<p>Besoin d\u2019infos ?<br \/>\ntina.heremans@actimed.be ou 0471\/88.19.52<br \/>\ninfo@actimed<\/p>\n<p><\/div><\/div><br \/>\n<div class=\"omsc-toggle\"><div class=\"omsc-toggle-title\"><strong>Nous contacter<\/strong><\/div><div class=\"omsc-toggle-inner\"><\/p>\n<p><strong>ACTIMED<\/strong><br \/>\nRue de la Boverie 379, 4100 Seraing<br \/>\n04\/338.88.39 \u2013 info@actimed.be<\/p>\n<p>Heures d\u2019ouverture :<br \/>\nDu lundi au vendredi de 9h00 \u00e0 13h00 et de 13h30 \u00e0 17h30<br \/>\nLe samedi de 9h00 \u00e0 13h00<\/p>\n<p><\/div><\/div><br \/>\n<div class=\"omsc-toggle\"><div class=\"omsc-toggle-title\"><strong>Mieux nous conna\u00eetre<\/strong><\/div><div class=\"omsc-toggle-inner\"><\/p>\n<p>Actimed est sp\u00e9cialis\u00e9 dans le conseil et la vente de<b> mat\u00e9riel m\u00e9dical de grande et petite bandagisterie<\/b> tant pour les particuliers que pour les professionnels.<\/p>\n<p>Activit\u00e9<br \/>\n\u2022 Bandagisterie<br \/>\n\u2022 Orthop\u00e9die<br \/>\n\u2022 Aide \u00e0 la mobilit\u00e9<br \/>\n\u2022 Aide \u00e0 la vie quotidienne<br \/>\n\u2022 Incontinence<br \/>\n\u2022 Fauteuils relax<br \/>\n\u2022 Lits et matelas m\u00e9dicaux<br \/>\n\u2022 Service de location et d\u00e9sinfection de matelas m\u00e9dicaux<\/p>\n<p><b>T\u00e9l\u00e9chargez le catalogue pour en savoir plus <\/b>: <a href=\"https:\/\/compasreseau.com\/wp-content\/uploads\/2021\/05\/BROCHURE-ACTIMED.pdf\">BROCHURE ACTIMED<\/a><\/p>\n<p>Le showroom est situ\u00e9 \u00e0 Seraing.<\/p>\n<p>Nos sp\u00e9cialistes se rendent \u00e0 domicile afin de conseiller et trouver le mat\u00e9riel le plus adapt\u00e9 aux besoins des personnes. Ils peuvent \u00e9galement les aider dans les d\u00e9marches administratives.<\/p>\n<p>Les commandes peuvent \u00e9galement \u00eatre livr\u00e9es dans une des officines partenaires ou \u00e0 domicile via notre service de livraison.<\/p>\n<p>Actimed est agr\u00e9\u00e9 de toutes les mutuelles.<\/p>\n<p>Cliquer<a href=\"https:\/\/www.solidaris-liege.be\/actimed\/index.html\"><span style=\"color: #ff6600;\"> ici<\/span><\/a> pour acc\u00e9der au site<\/p>\n<p><\/div><\/div><br \/>\n<\/div>\n<p>&nbsp;<\/p>\n","protected":false},"excerpt":{"rendered":"<p>&nbsp; &nbsp; &nbsp; &nbsp; &nbsp; Contact privil\u00e9gi\u00e9 au sein d&rsquo;Actimed &nbsp;<\/p>\n","protected":false},"author":1,"featured_media":0,"parent":0,"menu_order":0,"comment_status":"closed","ping_status":"closed","template":"","meta":{"footnotes":""},"categories":[],"tags":[],"class_list":["post-25","page","type-page","status-publish","hentry"],"jetpack_sharing_enabled":true,"_links":{"self":[{"href":"https:\/\/compasreseau.com\/index.php\/wp-json\/wp\/v2\/pages\/25","targetHints":{"allow":["GET"]}}],"collection":[{"href":"https:\/\/compasreseau.com\/index.php\/wp-json\/wp\/v2\/pages"}],"about":[{"href":"https:\/\/compasreseau.com\/index.php\/wp-json\/wp\/v2\/types\/page"}],"author":[{"embeddable":true,"href":"https:\/\/compasreseau.com\/index.php\/wp-json\/wp\/v2\/users\/1"}],"replies":[{"embeddable":true,"href":"https:\/\/compasreseau.com\/index.php\/wp-json\/wp\/v2\/comments?post=25"}],"version-history":[{"count":85,"href":"https:\/\/compasreseau.com\/index.php\/wp-json\/wp\/v2\/pages\/25\/revisions"}],"predecessor-version":[{"id":2018,"href":"https:\/\/compasreseau.com\/index.php\/wp-json\/wp\/v2\/pages\/25\/revisions\/2018"}],"wp:attachment":[{"href":"https:\/\/compasreseau.com\/index.php\/wp-json\/wp\/v2\/media?parent=25"}],"wp:term":[{"taxonomy":"category","embeddable":true,"href":"https:\/\/compasreseau.com\/index.php\/wp-json\/wp\/v2\/categories?post=25"},{"taxonomy":"post_tag","embeddable":true,"href":"https:\/\/compasreseau.com\/index.php\/wp-json\/wp\/v2\/tags?post=25"}],"curies":[{"name":"wp","href":"https:\/\/api.w.org\/{rel}","templated":true}]}}