{"id":2559,"date":"2025-11-13T16:28:07","date_gmt":"2025-11-13T15:28:07","guid":{"rendered":"https:\/\/compasreseau.com\/?page_id=2559"},"modified":"2025-11-13T16:39:52","modified_gmt":"2025-11-13T15:39:52","slug":"guide-cpas-fin-des-allocations-du-chomage","status":"publish","type":"page","link":"https:\/\/compasreseau.com\/index.php\/guide-cpas-fin-des-allocations-du-chomage\/","title":{"rendered":"Guide CPAS  &#8211; Fin des allocations du ch\u00f4mage"},"content":{"rendered":"<p><img fetchpriority=\"high\" decoding=\"async\" class=\"alignnone size-full wp-image-2569\" src=\"https:\/\/compasreseau.com\/wp-content\/uploads\/2025\/11\/cpas.png\" alt=\"\" width=\"640\" height=\"350\" srcset=\"https:\/\/compasreseau.com\/wp-content\/uploads\/2025\/11\/cpas.png 640w, https:\/\/compasreseau.com\/wp-content\/uploads\/2025\/11\/cpas-300x164.png 300w\" sizes=\"(max-width: 640px) 100vw, 640px\" \/><\/p>\n<p><a href=\"https:\/\/compasreseau.com\/wp-content\/uploads\/2025\/11\/15677-251103-guide-exclu-chomage-isp-def.pdf\">Guide \u00e0 t\u00e9l\u00e9charger<\/a><\/p>\n","protected":false},"excerpt":{"rendered":"<p>Guide \u00e0 t\u00e9l\u00e9charger<\/p>\n","protected":false},"author":11,"featured_media":0,"parent":0,"menu_order":0,"comment_status":"closed","ping_status":"closed","template":"","meta":{"footnotes":""},"categories":[],"tags":[],"class_list":["post-2559","page","type-page","status-publish","hentry"],"jetpack_sharing_enabled":true,"_links":{"self":[{"href":"https:\/\/compasreseau.com\/index.php\/wp-json\/wp\/v2\/pages\/2559","targetHints":{"allow":["GET"]}}],"collection":[{"href":"https:\/\/compasreseau.com\/index.php\/wp-json\/wp\/v2\/pages"}],"about":[{"href":"https:\/\/compasreseau.com\/index.php\/wp-json\/wp\/v2\/types\/page"}],"author":[{"embeddable":true,"href":"https:\/\/compasreseau.com\/index.php\/wp-json\/wp\/v2\/users\/11"}],"replies":[{"embeddable":true,"href":"https:\/\/compasreseau.com\/index.php\/wp-json\/wp\/v2\/comments?post=2559"}],"version-history":[{"count":3,"href":"https:\/\/compasreseau.com\/index.php\/wp-json\/wp\/v2\/pages\/2559\/revisions"}],"predecessor-version":[{"id":2571,"href":"https:\/\/compasreseau.com\/index.php\/wp-json\/wp\/v2\/pages\/2559\/revisions\/2571"}],"wp:attachment":[{"href":"https:\/\/compasreseau.com\/index.php\/wp-json\/wp\/v2\/media?parent=2559"}],"wp:term":[{"taxonomy":"category","embeddable":true,"href":"https:\/\/compasreseau.com\/index.php\/wp-json\/wp\/v2\/categories?post=2559"},{"taxonomy":"post_tag","embeddable":true,"href":"https:\/\/compasreseau.com\/index.php\/wp-json\/wp\/v2\/tags?post=2559"}],"curies":[{"name":"wp","href":"https:\/\/api.w.org\/{rel}","templated":true}]}}