{"id":2733,"date":"2026-04-03T12:26:12","date_gmt":"2026-04-03T10:26:12","guid":{"rendered":"https:\/\/compasreseau.com\/?page_id=2733"},"modified":"2026-04-03T12:31:45","modified_gmt":"2026-04-03T10:31:45","slug":"actimed-2","status":"publish","type":"page","link":"https:\/\/compasreseau.com\/index.php\/actimed-2\/","title":{"rendered":"Actimed"},"content":{"rendered":"<p>Fiche d&rsquo;aide \u00e0 la mobilit\u00e9 :<\/p>\n<ul>\n<li><a href=\"https:\/\/compasreseau.com\/wp-content\/uploads\/2026\/04\/2026-aide-a-la-mobilite-solidaris.docx\"><span style=\"color: #3366ff;\"><strong>2026 &#8211; Aide \u00e0 la mobilit\u00e9\u00a0<\/strong><\/span><\/a>\n<ul>\n<li>Fiche informative sur les d\u00e9marches \u00e0 effectuer pour l&rsquo;obtention de l&rsquo;aide \u00e0 la mobilit\u00e9 (voiturette, cadre de marche&#8230;)<\/li>\n<\/ul>\n<\/li>\n<\/ul>\n","protected":false},"excerpt":{"rendered":"<p>Fiche d&rsquo;aide \u00e0 la mobilit\u00e9 : 2026 &#8211; Aide \u00e0 la mobilit\u00e9\u00a0 Fiche informative sur les d\u00e9marches \u00e0 effectuer pour l&rsquo;obtention de l&rsquo;aide \u00e0 la mobilit\u00e9 (voiturette, cadre de marche&#8230;)<\/p>\n","protected":false},"author":2,"featured_media":0,"parent":0,"menu_order":0,"comment_status":"closed","ping_status":"closed","template":"","meta":{"footnotes":""},"categories":[],"tags":[],"class_list":["post-2733","page","type-page","status-publish","hentry"],"jetpack_sharing_enabled":true,"_links":{"self":[{"href":"https:\/\/compasreseau.com\/index.php\/wp-json\/wp\/v2\/pages\/2733","targetHints":{"allow":["GET"]}}],"collection":[{"href":"https:\/\/compasreseau.com\/index.php\/wp-json\/wp\/v2\/pages"}],"about":[{"href":"https:\/\/compasreseau.com\/index.php\/wp-json\/wp\/v2\/types\/page"}],"author":[{"embeddable":true,"href":"https:\/\/compasreseau.com\/index.php\/wp-json\/wp\/v2\/users\/2"}],"replies":[{"embeddable":true,"href":"https:\/\/compasreseau.com\/index.php\/wp-json\/wp\/v2\/comments?post=2733"}],"version-history":[{"count":5,"href":"https:\/\/compasreseau.com\/index.php\/wp-json\/wp\/v2\/pages\/2733\/revisions"}],"predecessor-version":[{"id":2742,"href":"https:\/\/compasreseau.com\/index.php\/wp-json\/wp\/v2\/pages\/2733\/revisions\/2742"}],"wp:attachment":[{"href":"https:\/\/compasreseau.com\/index.php\/wp-json\/wp\/v2\/media?parent=2733"}],"wp:term":[{"taxonomy":"category","embeddable":true,"href":"https:\/\/compasreseau.com\/index.php\/wp-json\/wp\/v2\/categories?post=2733"},{"taxonomy":"post_tag","embeddable":true,"href":"https:\/\/compasreseau.com\/index.php\/wp-json\/wp\/v2\/tags?post=2733"}],"curies":[{"name":"wp","href":"https:\/\/api.w.org\/{rel}","templated":true}]}}