{"id":73,"date":"2020-12-08T15:13:43","date_gmt":"2020-12-08T14:13:43","guid":{"rendered":"http:\/\/compasreseau.com\/?page_id=73"},"modified":"2026-02-20T10:25:59","modified_gmt":"2026-02-20T09:25:59","slug":"compas","status":"publish","type":"page","link":"https:\/\/compasreseau.com\/","title":{"rendered":"COMPA\u2019S"},"content":{"rendered":"\t\t<div data-elementor-type=\"wp-page\" data-elementor-id=\"73\" class=\"elementor elementor-73\">\n\t\t\t\t\t\t<section class=\"elementor-section elementor-top-section elementor-element elementor-element-d518614 elementor-section-boxed elementor-section-height-default elementor-section-height-default\" data-id=\"d518614\" data-element_type=\"section\" data-e-type=\"section\">\n\t\t\t\t\t\t<div class=\"elementor-container elementor-column-gap-default\">\n\t\t\t\t\t<div class=\"elementor-column elementor-col-100 elementor-top-column elementor-element elementor-element-f04710c\" data-id=\"f04710c\" data-element_type=\"column\" data-e-type=\"column\">\n\t\t\t<div class=\"elementor-widget-wrap elementor-element-populated\">\n\t\t\t\t\t\t<div class=\"elementor-element elementor-element-e08ec58 elementor-widget elementor-widget-button\" data-id=\"e08ec58\" data-element_type=\"widget\" data-e-type=\"widget\" data-widget_type=\"button.default\">\n\t\t\t\t<div class=\"elementor-widget-container\">\n\t\t\t\t\t\t\t\t\t<div class=\"elementor-button-wrapper\">\n\t\t\t\t\t<a class=\"elementor-button elementor-button-link elementor-size-sm\" href=\"mailto:Compas.Liege@solidaris.be\">\n\t\t\t\t\t\t<span class=\"elementor-button-content-wrapper\">\n\t\t\t\t\t\t<span class=\"elementor-button-icon\">\n\t\t\t\t<i aria-hidden=\"true\" class=\"far fa-address-card\"><\/i>\t\t\t<\/span>\n\t\t\t\t\t\t\t\t\t<span class=\"elementor-button-text\">Contactez-nous<\/span>\n\t\t\t\t\t<\/span>\n\t\t\t\t\t<\/a>\n\t\t\t\t<\/div>\n\t\t\t\t\t\t\t\t<\/div>\n\t\t\t\t<\/div>\n\t\t\t\t\t<\/div>\n\t\t<\/div>\n\t\t\t\t\t<\/div>\n\t\t<\/section>\n\t\t\t\t<section class=\"elementor-section elementor-top-section elementor-element elementor-element-054964c elementor-section-boxed elementor-section-height-default elementor-section-height-default\" data-id=\"054964c\" data-element_type=\"section\" data-e-type=\"section\">\n\t\t\t\t\t\t<div class=\"elementor-container elementor-column-gap-default\">\n\t\t\t\t\t<div class=\"elementor-column elementor-col-100 elementor-top-column elementor-element elementor-element-a9eff88\" data-id=\"a9eff88\" data-element_type=\"column\" data-e-type=\"column\">\n\t\t\t<div class=\"elementor-widget-wrap elementor-element-populated\">\n\t\t\t\t\t\t<div class=\"elementor-element elementor-element-f1c6fab elementor-widget elementor-widget-image\" data-id=\"f1c6fab\" data-element_type=\"widget\" data-e-type=\"widget\" data-widget_type=\"image.default\">\n\t\t\t\t<div class=\"elementor-widget-container\">\n\t\t\t\t\t\t\t\t\t\t\t\t\t\t\t<img decoding=\"async\" width=\"100\" height=\"100\" src=\"https:\/\/compasreseau.com\/wp-content\/uploads\/2020\/11\/Logo_compas_final-1-e1606733937488.jpg\" class=\"attachment-large size-large wp-image-13\" alt=\"\" \/>\t\t\t\t\t\t\t\t\t\t\t\t\t\t\t<\/div>\n\t\t\t\t<\/div>\n\t\t\t\t\t<\/div>\n\t\t<\/div>\n\t\t\t\t\t<\/div>\n\t\t<\/section>\n\t\t\t\t<section class=\"elementor-section elementor-top-section elementor-element elementor-element-f463116 elementor-section-boxed elementor-section-height-default elementor-section-height-default\" data-id=\"f463116\" data-element_type=\"section\" data-e-type=\"section\">\n\t\t\t\t\t\t<div class=\"elementor-container elementor-column-gap-default\">\n\t\t\t\t\t<div class=\"elementor-column elementor-col-100 elementor-top-column elementor-element elementor-element-61603c54\" data-id=\"61603c54\" data-element_type=\"column\" data-e-type=\"column\">\n\t\t\t<div class=\"elementor-widget-wrap elementor-element-populated\">\n\t\t\t\t\t\t<div class=\"elementor-element elementor-element-4690358b elementor-widget elementor-widget-text-editor\" data-id=\"4690358b\" data-element_type=\"widget\" data-e-type=\"widget\" data-widget_type=\"text-editor.default\">\n\t\t\t\t<div class=\"elementor-widget-container\">\n\t\t\t\t\t\t\t\t\t\n<p>A partir d\u2019une m\u00e9thodologie de gestion de projet par l\u2019innovation et la cr\u00e9ativit\u00e9,&nbsp;ce projet vise \u00e0 faire de la compl\u00e9mentarit\u00e9 du R\u00e9seau Solidaris une force.&nbsp;<br>Le travail est men\u00e9 au travers d\u2019une cartographie des \u00e9changes professionnels&nbsp;et d\u2019une am\u00e9lioration de ceux-ci selon les besoins r\u00e9els.&nbsp;<\/p>\n\n\n\n<p>\u200bFin 2018, pas moins de 81 entretiens ont \u00e9t\u00e9 men\u00e9s au sein des diff\u00e9rentes structures afin de cerner tout ce qui facilite ou freine les collaborations professionnelles entre travailleurs du R\u00e9seau Solidaris.<\/p>\n\n\n\n<p>\u200bNous remercions chaleureusement les collaborateurs interview\u00e9s pour le temps consacr\u00e9 et la richesse de leurs t\u00e9moignages.<\/p>\n\n\n\n<p>Une analyse approfondie a \u00e9t\u00e9 r\u00e9alis\u00e9e afin de d\u00e9gager des axes de travail prioritaires.<br>A savoir :<br>\u2013&nbsp;&nbsp; &nbsp;Favoriser davantage la compl\u00e9mentarit\u00e9 des m\u00e9tiers<br>\u2013&nbsp;&nbsp; &nbsp;Am\u00e9liorer la formation et l\u2019information du r\u00e9seau<br>\u2013&nbsp;&nbsp; &nbsp;D\u00e9velopper la communication interne r\u00e9seau<br>\u2013&nbsp;&nbsp; &nbsp;Se connaitre et se reconna\u00eetre en tant que professionnel de notre r\u00e9seau.<\/p>\n\n\n\n<p>\u200bLe projet COMPA\u2019s est n\u00e9 !&nbsp;<\/p>\n\t\t\t\t\t\t\t\t<\/div>\n\t\t\t\t<\/div>\n\t\t\t\t<div class=\"elementor-element elementor-element-c705dfe elementor-widget elementor-widget-image\" data-id=\"c705dfe\" data-element_type=\"widget\" data-e-type=\"widget\" data-widget_type=\"image.default\">\n\t\t\t\t<div class=\"elementor-widget-container\">\n\t\t\t\t\t\t\t\t\t\t\t\t\t\t\t<img decoding=\"async\" width=\"100\" height=\"100\" src=\"https:\/\/compasreseau.com\/wp-content\/uploads\/2020\/11\/Logo_compas_final-1-e1606733937488.jpg\" class=\"attachment-large size-large wp-image-13\" alt=\"\" \/>\t\t\t\t\t\t\t\t\t\t\t\t\t\t\t<\/div>\n\t\t\t\t<\/div>\n\t\t\t\t\t<\/div>\n\t\t<\/div>\n\t\t\t\t\t<\/div>\n\t\t<\/section>\n\t\t\t\t<section class=\"elementor-section elementor-top-section elementor-element elementor-element-2a0bb9a elementor-section-boxed elementor-section-height-default elementor-section-height-default\" data-id=\"2a0bb9a\" data-element_type=\"section\" data-e-type=\"section\">\n\t\t\t\t\t\t<div class=\"elementor-container elementor-column-gap-default\">\n\t\t\t\t\t<div class=\"elementor-column elementor-col-100 elementor-top-column elementor-element elementor-element-7bc8a54\" data-id=\"7bc8a54\" data-element_type=\"column\" data-e-type=\"column\">\n\t\t\t<div class=\"elementor-widget-wrap elementor-element-populated\">\n\t\t\t\t\t\t<div class=\"elementor-element elementor-element-a0dcb1e elementor-widget elementor-widget-text-editor\" data-id=\"a0dcb1e\" data-element_type=\"widget\" data-e-type=\"widget\" data-widget_type=\"text-editor.default\">\n\t\t\t\t<div class=\"elementor-widget-container\">\n\t\t\t\t\t\t\t\t\t<h5>C entrale de services \u00e0 domicile<\/h5>\n<h5>O ptique Point de Mire<\/h5>\n<h5>M utualit\u00e9 Solidaris<\/h5>\n<h5>P harma Sant\u00e9<\/h5>\n<h5>A mplitours \/ Associatif \/ Actimed<\/h5>\n<h5>&lsquo; S ervice, solidarit\u00e9, Solidaris R\u00e9seau &#8230;.&nbsp;<\/h5>\t\t\t\t\t\t\t\t<\/div>\n\t\t\t\t<\/div>\n\t\t\t\t\t<\/div>\n\t\t<\/div>\n\t\t\t\t\t<\/div>\n\t\t<\/section>\n\t\t\t\t<section class=\"elementor-section elementor-top-section elementor-element elementor-element-9533e86 elementor-section-boxed elementor-section-height-default elementor-section-height-default\" data-id=\"9533e86\" data-element_type=\"section\" data-e-type=\"section\">\n\t\t\t\t\t\t<div class=\"elementor-container elementor-column-gap-default\">\n\t\t\t\t\t<div class=\"elementor-column elementor-col-100 elementor-top-column elementor-element elementor-element-a52d2f8\" data-id=\"a52d2f8\" data-element_type=\"column\" data-e-type=\"column\">\n\t\t\t<div class=\"elementor-widget-wrap\">\n\t\t\t\t\t\t\t<\/div>\n\t\t<\/div>\n\t\t\t\t\t<\/div>\n\t\t<\/section>\n\t\t\t\t<\/div>\n\t\t","protected":false},"excerpt":{"rendered":"<p>Contactez-nous A partir d\u2019une m\u00e9thodologie de gestion de projet par l\u2019innovation et la cr\u00e9ativit\u00e9,&nbsp;ce projet vise \u00e0 faire de la compl\u00e9mentarit\u00e9 du R\u00e9seau Solidaris une force.&nbsp;Le travail est men\u00e9 au travers d\u2019une cartographie des \u00e9changes professionnels&nbsp;et d\u2019une am\u00e9lioration de ceux-ci selon les besoins r\u00e9els.&nbsp; \u200bFin 2018, pas moins de 81 entretiens ont \u00e9t\u00e9 men\u00e9s au [&hellip;]<\/p>\n","protected":false},"author":1,"featured_media":0,"parent":0,"menu_order":0,"comment_status":"closed","ping_status":"closed","template":"","meta":{"footnotes":""},"categories":[],"tags":[],"class_list":["post-73","page","type-page","status-publish","hentry"],"jetpack_sharing_enabled":true,"_links":{"self":[{"href":"https:\/\/compasreseau.com\/index.php\/wp-json\/wp\/v2\/pages\/73","targetHints":{"allow":["GET"]}}],"collection":[{"href":"https:\/\/compasreseau.com\/index.php\/wp-json\/wp\/v2\/pages"}],"about":[{"href":"https:\/\/compasreseau.com\/index.php\/wp-json\/wp\/v2\/types\/page"}],"author":[{"embeddable":true,"href":"https:\/\/compasreseau.com\/index.php\/wp-json\/wp\/v2\/users\/1"}],"replies":[{"embeddable":true,"href":"https:\/\/compasreseau.com\/index.php\/wp-json\/wp\/v2\/comments?post=73"}],"version-history":[{"count":32,"href":"https:\/\/compasreseau.com\/index.php\/wp-json\/wp\/v2\/pages\/73\/revisions"}],"predecessor-version":[{"id":2688,"href":"https:\/\/compasreseau.com\/index.php\/wp-json\/wp\/v2\/pages\/73\/revisions\/2688"}],"wp:attachment":[{"href":"https:\/\/compasreseau.com\/index.php\/wp-json\/wp\/v2\/media?parent=73"}],"wp:term":[{"taxonomy":"category","embeddable":true,"href":"https:\/\/compasreseau.com\/index.php\/wp-json\/wp\/v2\/categories?post=73"},{"taxonomy":"post_tag","embeddable":true,"href":"https:\/\/compasreseau.com\/index.php\/wp-json\/wp\/v2\/tags?post=73"}],"curies":[{"name":"wp","href":"https:\/\/api.w.org\/{rel}","templated":true}]}}